)/6585))/(57/(-1672)).
2, 11, 439
Let z = 1480 + -624. Let n = -414 + z. List the prime factors of n.
2, 13, 17
Let k = 114390 + -53826. What are the prime factors of k?
2, 3, 7, 103
Suppose 6*n - 61088 = 106168. What are the prime factors of n?
2, 3, 23, 101
Suppose -8 = 3*n - 17. Let u be (-41)/(-1) + n + (1 - 4). Let h = 7 + u. List the prime factors of h.
2, 3
Let b = 7003 + -1701. List the prime factors of b.
2, 11, 241
Let l(f) = -f**3 + 6*f**2 - 5*f - 7. Let m be l(4). Suppose -2*v - 3*k = -k - 1806, -m*v - 3*k + 4521 = 0. List the prime factors of v.
2, 3, 151
Let s = 4929 - -4019. What are the prime factors of s?
2, 2237
Let k = 147 + -152. List the prime factors of ((-7 - -342)/k)/(1/(-4)).
2, 67
Let p be 804 - ((-4)/14 - 30/(-7)). Let t = -325 + p. What are the prime factors of t?
5, 19
Let i(w) = 47*w**2 - 1. Let d be i(-1). Suppose 0 = -3*j - d + 898. What are the prime factors of j?
2, 71
Suppose -9*z + 6*z = -27. Let u be (z + (-9)/3)/(5/395). Suppose -u = -5*w + 186. What are the prime factors of w?
2, 3, 11
Let n = 8 + -25. Let o = n - -17. Suppose 20*m - 18*m - 168 = o. List the prime factors of m.
2, 3, 7
Suppose -5*r = m - 330461, -5*r + 4*m + 361702 = 31196. List the prime factors of r.
2, 7, 4721
Suppose 4*s - 7*s + 192 = 0. Let a = -130 + s. What are the prime factors of -2 - -4 - (-1 + a)?
3, 23
Let n = -7169 + 21705. List the prime factors of n.
2, 23, 79
List the prime factors of 5/(50/20996) + (930/(-50) - -19).
2, 3, 5, 7
Let t(o) = 328*o**3 + 9*o**2 + 30*o - 233. What are the prime factors of t(6)?
71119
List the prime factors of (8209 - ((-6)/6 + 1)) + (-18)/(-6).
2, 2053
Let w be (0 - 4)/28 + 45/21. Suppose 4*p + w*m - 516 = -2*m, -638 = -5*p + 2*m. Let i = p + 40. List the prime factors of i.
2, 3, 7
Let i = 25326 + -16521. List the prime factors of i.
3, 5, 587
Let x be -1 + 277*(-2 + (-15)/(-5)). Let u = x - 101. List the prime factors of u.
5, 7
Suppose 0 = 2*z + 4*o - 14160, 282*z = 280*z - 5*o + 14155. What are the prime factors of z?
2, 5, 709
Suppose -27*l + 401760 = 98145. List the prime factors of l.
5, 13, 173
Let y(u) = 9*u + 19. Let m be y(8). Let j = 52 - m. Let d = 95 - j. List the prime factors of d.
2, 67
Let o(d) = 4130*d + 9 - 4137*d + 4. Let b be (2/4)/(2/(-24)). What are the prime factors of o(b)?
5, 11
Let j = -358 + -80. Let c = j + 945. List the prime factors of c.
3, 13
What are the prime factors of (-15 - (-167335)/45)/((-2)/(-9))?
2, 13, 641
Suppose -269973 = 65501*b - 65512*b. What are the prime factors of b?
3, 101
Let i(l) = -l**3 + 75*l**2 + 101*l + 58. What are the prime factors of i(64)?
2, 17, 37, 41
Let g = 92288 - 36415. List the prime factors of g.
59, 947
Let r(c) = -c**3 + 10*c**2 + 16*c - 49. Let g be r(11). Suppose 1 - g = 5*l, -2*t - l = -787. What are the prime factors of t?
2, 197
Suppose 2*o - 12 = 2*f, -o + 39 = -3*f - 5*o. What are the prime factors of (3 + f)/(5/(-155))?
2, 3, 31
Let c = -1637 + 2383. Suppose 0 = -w - 5, -2*k + 3*w + 267 + c = 0. List the prime factors of k.
499
Let v be 0*(0 + -2)/((-4)/(-2)). Suppose 4*o - 2926 - 2174 = v. List the prime factors of 4/(-18) - o/(-27).
47
Let r = 16 - 12. Let g(h) = -h**3 + 5*h**2 - 3*h - 4. Let i be g(r). Suppose -10*q = -i*q - 730. List the prime factors of q.
73
Let q(c) = 21 + 74 - 50*c + 8*c + 26 + 57. What are the prime factors of q(-8)?
2, 257
Let m = -52 + 52. Suppose -z + 0 = -3, m = p - z + 1. Let f(o) = 16*o**2 - 3*o + 3. What are the prime factors of f(p)?
61
Let q(s) = -468*s + 763. List the prime factors of q(-18).
9187
Suppose 5*o + u - 12 = 0, 2*o - 4*u = 16 + 2. Let m(i) = 1. Let t(w) = -41*w + 7. Let x(a) = -6*m(a) - t(a). What are the prime factors of x(o)?
2, 5, 11
Let q(n) = -532*n**2 - 18*n + 551*n**2 + 16 + 47. List the prime factors of q(3).
2, 3, 5
Let d(z) = -2*z**3 + 4*z**2 + 14*z - 10. Let b be d(5). What are the prime factors of ((-36)/b)/((-2)/(-340))?
2, 17
Let c be (-208)/12*1083/(-38). Suppose 2*j + 2*j = 8. Suppose -p - j*q + 136 = 0, -3*p - q + c = 96. List the prime factors of p.
2, 3, 11
Let u(i) = -925*i - 180. List the prime factors of u(-2).
2, 5, 167
What are the prime factors of (1682/(-9)*(-66)/(-11))/((-7)/21)?
2, 29
Let b = -18512 + 26141. List the prime factors of b.
3, 2543
Let f be ((-5)/15)/((-1)/9). List the prime factors of (1 - -2)*(f + 1228/3).
1237
Let f(j) = 2*j**2 + 15*j + 3. Let o be f(-4). Let u = o - -29. List the prime factors of (-215)/(-25) + u/10.
3
Let i be 1*-3*77/(-33). Suppose -2*n + 4*x + i = -17, 5*n - 28 = 2*x. Suppose 0 = -n*a - 0*a - 4*v + 36, 51 = 3*a - 5*v. What are the prime factors of a?
2, 3
Let a be (-1)/10 - (26324/(-40) + -7). Let k = -102 + a. What are the prime factors of k?
563
What are the prime factors of 1/(6 + 94350/(-15726))?
2621
Let a(d) = -d**3 - 13*d**2 + 3*d + 13. Suppose p = 3*s, p + s + 65 = -3*p. What are the prime factors of a(p)?
2, 11, 19
Let g(z) = -648*z - 1044. List the prime factors of g(-15).
2, 3, 241
Suppose 4*p = 4*p + p. Suppose p = m + 9 - 37. What are the prime factors of (-8)/m + 1324/28?
47
Let o = 6624 + -2733. List the prime factors of o.
3, 1297
Let a(u) = 31*u**2 + 58*u - 7. What are the prime factors of a(13)?
2, 41, 73
Suppose -31*x = -5*x - 19578. Let a = x - 431. List the prime factors of a.
2, 7, 23
Suppose 16*q + 17812 = 18*q - 4*r, -q = -4*r - 8918. List the prime factors of q.
2, 4447
Suppose -3*j + 4*j + 4*l = 2674, 3*j = -3*l + 7986. Let v be (-6)/(-8) + j/8. Suppose -3*s - 63 = 5*c - v, 4*s - 162 = -3*c. What are the prime factors of c?
2, 3
Let n(g) = -g**3 + 28*g**2 + 2*g - 74. Suppose 0 = 23*w - 20*w - 5*u - 56, -5*u + 25 = 0. What are the prime factors of n(w)?
709
What are the prime factors of (28/(3500/(-53675)))/((-1)/15)?
3, 19, 113
Suppose 2*l = 191 + 3349. Let c(x) = -6*x + 132. Let v be c(22). Suppose v = -18*u + 3*u + l. What are the prime factors of u?
2, 59
Let y(s) = 36*s**3 + 2*s**2 - 4*s + 2. Let h be y(1). What are the prime factors of 1*-2 - (-6)/(h/1194)?
197
Let a(v) = -370*v**3 + 4*v + 3. Let q be a(-1). List the prime factors of q - (10 - 5)*1.
2, 7, 13
Let l(s) = 78*s + 83 - 156*s + 75*s. List the prime factors of l(24).
11
Let g(u) = -226*u - 84. Suppose -25*w + 29*w = -12. List the prime factors of g(w).
2, 3, 11
Suppose 2*d = -0*d + 308. Suppose -5*a + 263 = -3*r, -3*a + d = -r + 3*r. Let t = a + 22. List the prime factors of t.
2, 37
Suppose 5*g + 79 = -3*z + g, -g = 1. Let d be (-2 + z/(-10))*0. Suppose p + d*f = -2*f + 76, 9 = -3*f. List the prime factors of p.
2, 41
Suppose 411544 = 566*w - 510*w. What are the prime factors of w?
7349
Suppose 2*v + 3*n + 14 = 8*n, 5*n = -5*v. Let f(z) = 70*z - 29. Let a(c) = -279*c + 113. Let q(w) = 4*a(w) + 15*f(w). What are the prime factors of q(v)?
149
Let c(r) be the third derivative of 0 - r**3 - 41*r**2 + 1/120*r**6 + 0*r - 1/24*r**4 + 1/30*r**5. What are the prime factors of c(3)?
2, 3
Suppose -3*m + 18 = 12*t - 14*t, -2*m = -3*t - 17. Suppose -m*y + 1570 = -y + 4*h, -4*y + 2052 = -5*h. List the prime factors of y.
2, 7, 37
Let p = 643 + 10555. What are the prime factors of p?
2, 11, 509
Suppose 2*g - 20087 = -5515. List the prime factors of g.
2, 3643
Suppose 0 = -28*z + 738124 + 209032. List the prime factors of z.
33827
Let d = 38461 + -22128. What are the prime factors of d?
16333
Let d(z) = 817*z - 15980. List the prime factors of d(70).
2, 5, 13, 317
Let p(t) = 12*t**2 - 3*t - 3. Let w be p(3). Let l(n) = n**3 + 27*n**2 + 26*n - 57. Let i be l(-26). Let d = i + w. List the prime factors of d.
3, 13
Let n = 304 - 560. Let o = 714 + n. Suppose 134 = -9*r + o. List the prime factors of r.
2, 3
Let d(o) = 1. Let j(c) = 3*c**3 - 3*c**2 + 4*c - 2. Let b(u) = -3*u + 1. Let r be b(2). Let z(h) = r*d(h) + j(h). List the prime factors of z(3).
59
What are the prime factors of (-16)/552*-3 + (-268201)/(-23)?
3, 13, 23
Suppose 2*g + 6*g = g. Suppose g = -120*x + 128*x - 7200. List the prime factors of x.
2, 3, 5
Let u(l) = l**3 + 4. Suppose 12*k - 2 = 11*k. Let v be u(k). Suppose -v = -6*b + 90. What are the prime factors of b?
17
Let g = 13995 - 9689. What are the prime factors of g?
2, 2153
Let v(z) = -z**2 - 15*z + 2. Let i be v(-15). Suppose 2*c + 2*c = i*x - 1266, -20 = -4*c. List the prime factors of x.
643
Suppose